{"id":2927,"date":"2025-04-03T22:07:16","date_gmt":"2025-04-03T22:07:16","guid":{"rendered":"https:\/\/www.vmtc.net\/?page_id=2927"},"modified":"2025-04-03T22:11:08","modified_gmt":"2025-04-03T22:11:08","slug":"vmtc_relations_confessionnelles","status":"publish","type":"page","link":"https:\/\/www.vmtc.net\/fr\/vmtc_denominational_relationships\/","title":{"rendered":"VMTC_relations_confessionnelles"},"content":{"rendered":"<section class=\"l-section wpb_row height_custom\"><div class=\"l-section-h i-cf\"><div class=\"g-cols vc_row via_grid cols_2-3 laptops-cols_2 tablets-cols_inherit mobiles-cols_1 valign_middle type_default stacking_default\" style=\"--columns-gap:5%;\"><div class=\"wpb_column vc_column_container\"><div class=\"vc_column-inner\"><div class=\"wpb_text_column\"><div class=\"wpb_wrapper\"><h2 class=\"w-iconbox-title\">Relations confessionnelles VMTC<\/h2>\n<div class=\"w-iconbox-text\">\n<p>Depuis 1971, <strong>Minist\u00e8re de la pri\u00e8re du VMTC<\/strong> propose des \u00c9coles de pri\u00e8re, dirig\u00e9es par un membre de l'\u00e9quipe de la Commission europ\u00e9enne, qui ont pour mission de promouvoir la paix et la stabilit\u00e9 dans le monde. <strong>conseil oecum\u00e9nique<\/strong> compos\u00e9 de <strong>les pasteurs, les pr\u00eatres, les la\u00efcs et les la\u00efques<\/strong> de diverses d\u00e9nominations au sein du corps du Christ. Notre \u00e9quipe est issue d'une riche diversit\u00e9 de traditions, notamment :<\/p>\n<ul>\n<li><strong>Episcopal<\/strong><\/li>\n<li><strong>Anglican<\/strong><\/li>\n<li><strong>M\u00e9thodiste unie<\/strong><\/li>\n<li><strong>\u00c9glise unie du Christ<\/strong><\/li>\n<li><strong>Disciples du Christ<\/strong><\/li>\n<li><strong>Charismatique, Non confessionnel<\/strong><\/li>\n<li><strong>Luth\u00e9rien<\/strong><\/li>\n<li><strong>Mennonite<\/strong><\/li>\n<li><strong>Assembl\u00e9e de Dieu<\/strong><\/li>\n<\/ul>\n<p>Cette large repr\u00e9sentation refl\u00e8te l'unit\u00e9 des croyants en Christ et la mission commune d'apporter la gu\u00e9rison et la libert\u00e9 par le pouvoir de la pri\u00e8re et de l'Esprit Saint. <strong>Ensemble, nous nous engageons \u00e0 servir Dieu et son peuple, quelle que soit la d\u00e9nomination, dans le minist\u00e8re de la gu\u00e9rison et de la d\u00e9livrance.<\/strong><\/p>\n<\/div>\n<\/div><\/div><\/div><\/div><div class=\"wpb_column vc_column_container\"><div class=\"vc_column-inner\"><div class=\"w-image align_none\"><div class=\"w-image-h\"><img decoding=\"async\" width=\"1024\" height=\"793\" src=\"https:\/\/www.vmtc.net\/wp-content\/uploads\/2025\/02\/VMTC2024-2-1024x793.jpg\" class=\"attachment-large size-large\" alt=\"\" loading=\"lazy\" srcset=\"https:\/\/www.vmtc.net\/wp-content\/uploads\/2025\/02\/VMTC2024-2-1024x793.jpg 1024w, https:\/\/www.vmtc.net\/wp-content\/uploads\/2025\/02\/VMTC2024-2-300x232.jpg 300w, https:\/\/www.vmtc.net\/wp-content\/uploads\/2025\/02\/VMTC2024-2-600x464.jpg 600w\" sizes=\"auto, (max-width: 1024px) 100vw, 1024px\" \/><\/div><\/div><\/div><\/div><\/div><\/div><\/section>","protected":false},"excerpt":{"rendered":"","protected":false},"author":1,"featured_media":0,"parent":0,"menu_order":0,"comment_status":"closed","ping_status":"closed","template":"","meta":{"om_disable_all_campaigns":false,"_monsterinsights_skip_tracking":false,"_monsterinsights_sitenote_active":false,"_monsterinsights_sitenote_note":"","_monsterinsights_sitenote_category":0,"footnotes":""},"class_list":["post-2927","page","type-page","status-publish","hentry"],"aioseo_notices":[],"_links":{"self":[{"href":"https:\/\/www.vmtc.net\/fr\/wp-json\/wp\/v2\/pages\/2927","targetHints":{"allow":["GET"]}}],"collection":[{"href":"https:\/\/www.vmtc.net\/fr\/wp-json\/wp\/v2\/pages"}],"about":[{"href":"https:\/\/www.vmtc.net\/fr\/wp-json\/wp\/v2\/types\/page"}],"author":[{"embeddable":true,"href":"https:\/\/www.vmtc.net\/fr\/wp-json\/wp\/v2\/users\/1"}],"replies":[{"embeddable":true,"href":"https:\/\/www.vmtc.net\/fr\/wp-json\/wp\/v2\/comments?post=2927"}],"version-history":[{"count":0,"href":"https:\/\/www.vmtc.net\/fr\/wp-json\/wp\/v2\/pages\/2927\/revisions"}],"wp:attachment":[{"href":"https:\/\/www.vmtc.net\/fr\/wp-json\/wp\/v2\/media?parent=2927"}],"curies":[{"name":"wp","href":"https:\/\/api.w.org\/{rel}","templated":true}]}}

<section class="l-section wpb_row height_custom"><div class="l-section-h i-cf"><div class="g-cols vc_row via_grid cols_2-3 laptops-cols_2 tablets-cols_inherit mobiles-cols_1 valign_middle type_default stacking_default" style="--columns-gap:5%;"><div class="wpb_column vc_column_container"><div class="vc_column-inner"><div class="wpb_text_column"><div class="wpb_wrapper"><h2 class="w-iconbox-title">Relations confessionnelles VMTC</h2>
<div class="w-iconbox-text">
<p>Depuis 1971, <strong>Ministère de la prière du VMTC</strong> propose des Écoles de prière, dirigées par un membre de l'équipe de la Commission européenne, qui ont pour mission de promouvoir la paix et la stabilité dans le monde. <strong>conseil oecuménique</strong> composé de <strong>les pasteurs, les prêtres, les laïcs et les laïques</strong> de diverses dénominations au sein du corps du Christ. Notre équipe est issue d'une riche diversité de traditions, notamment :</p>
<ul>
<li><strong>Episcopal</strong></li>
<li><strong>Anglican</strong></li>
<li><strong>Méthodiste unie</strong></li>
<li><strong>Église unie du Christ</strong></li>
<li><strong>Disciples du Christ</strong></li>
<li><strong>Charismatique, Non confessionnel</strong></li>
<li><strong>Luthérien</strong></li>
<li><strong>Mennonite</strong></li>
<li><strong>Assemblée de Dieu</strong></li>
</ul>
<p>Cette large représentation reflète l'unité des croyants en Christ et la mission commune d'apporter la guérison et la liberté par le pouvoir de la prière et de l'Esprit Saint. <strong>Ensemble, nous nous engageons à servir Dieu et son peuple, quelle que soit la dénomination, dans le ministère de la guérison et de la délivrance.</strong></p>
</div>
</div></div></div></div><div class="wpb_column vc_column_container"><div class="vc_column-inner"><div class="w-image align_none"><div class="w-image-h"><img decoding="async" width="1024" height="793" src="https://www.vmtc.net/wp-content/uploads/2025/02/VMTC2024-2-1024x793.jpg" class="attachment-large size-large" alt="" loading="lazy" srcset="https://www.vmtc.net/wp-content/uploads/2025/02/VMTC2024-2-1024x793.jpg 1024w, https://www.vmtc.net/wp-content/uploads/2025/02/VMTC2024-2-300x232.jpg 300w, https://www.vmtc.net/wp-content/uploads/2025/02/VMTC2024-2-600x464.jpg 600w" sizes="auto, (max-width: 1024px) 100vw, 1024px" /></div></div></div></div></div></div></section>
